{"id":40,"date":"2024-09-27T11:04:42","date_gmt":"2024-09-27T09:04:42","guid":{"rendered":"https:\/\/www.pujcovnaleseninovehrady.cz\/?page_id=40"},"modified":"2024-09-27T21:46:30","modified_gmt":"2024-09-27T19:46:30","slug":"nase-prace","status":"publish","type":"page","link":"https:\/\/www.pujcovnaleseninovehrady.cz\/?page_id=40","title":{"rendered":"Na\u0161e pr\u00e1ce"},"content":{"rendered":"\n<p>Inspirujte se a najd\u011bte \u0159e\u0161en\u00ed va\u0161ich aktu\u00e1ln\u00edch pot\u0159eb v galerii na\u0161ich realizac\u00ed:<\/p>\n\n\n<div class=\"wp-block-image is-style-rounded\">\n<figure class=\"alignleft size-full is-resized\"><a href=\"https:\/\/www.pujcovnaleseninovehrady.cz\/?page_id=43\"><img loading=\"lazy\" decoding=\"async\" width=\"356\" height=\"1000\" src=\"https:\/\/www.pujcovnaleseninovehrady.cz\/wp-content\/uploads\/2024\/09\/Pojizdna-vez-III-1.jpg\" alt=\"\" class=\"wp-image-45\" style=\"width:152px;height:auto\" srcset=\"https:\/\/www.pujcovnaleseninovehrady.cz\/wp-content\/uploads\/2024\/09\/Pojizdna-vez-III-1.jpg 356w, https:\/\/www.pujcovnaleseninovehrady.cz\/wp-content\/uploads\/2024\/09\/Pojizdna-vez-III-1-107x300.jpg 107w\" sizes=\"auto, (max-width: 356px) 100vw, 356px\" \/><\/a><figcaption class=\"wp-element-caption\">poj\u00edzdn\u00e1 v\u011b\u017e<\/figcaption><\/figure><\/div>\n\n<div class=\"wp-block-image is-style-rounded\">\n<figure class=\"alignleft size-full is-resized\"><a href=\"https:\/\/www.pujcovnaleseninovehrady.cz\/?page_id=48\"><img loading=\"lazy\" decoding=\"async\" width=\"462\" height=\"1000\" src=\"https:\/\/www.pujcovnaleseninovehrady.cz\/wp-content\/uploads\/2024\/09\/strecha4.jpg\" alt=\"\" class=\"wp-image-52\" style=\"width:200px;height:auto\" srcset=\"https:\/\/www.pujcovnaleseninovehrady.cz\/wp-content\/uploads\/2024\/09\/strecha4.jpg 462w, https:\/\/www.pujcovnaleseninovehrady.cz\/wp-content\/uploads\/2024\/09\/strecha4-139x300.jpg 139w\" sizes=\"auto, (max-width: 462px) 100vw, 462px\" \/><\/a><figcaption class=\"wp-element-caption\">p\u0159\u00edstup na st\u0159echu<\/figcaption><\/figure><\/div>\n\n<div class=\"wp-block-image is-style-rounded\">\n<figure class=\"alignleft size-full is-resized\"><a href=\"https:\/\/www.pujcovnaleseninovehrady.cz\/?page_id=56\"><img loading=\"lazy\" decoding=\"async\" width=\"462\" height=\"1000\" src=\"https:\/\/www.pujcovnaleseninovehrady.cz\/wp-content\/uploads\/2024\/09\/zavetrovani1.jpg\" alt=\"\" class=\"wp-image-59\" style=\"width:220px;height:auto\" srcset=\"https:\/\/www.pujcovnaleseninovehrady.cz\/wp-content\/uploads\/2024\/09\/zavetrovani1.jpg 462w, https:\/\/www.pujcovnaleseninovehrady.cz\/wp-content\/uploads\/2024\/09\/zavetrovani1-139x300.jpg 139w\" sizes=\"auto, (max-width: 462px) 100vw, 462px\" \/><\/a><figcaption class=\"wp-element-caption\">zav\u011btrov\u00e1n\u00ed le\u0161en\u00ed<\/figcaption><\/figure><\/div>\n\n<div class=\"wp-block-image is-style-rounded\">\n<figure class=\"alignleft size-full\"><a href=\"https:\/\/www.pujcovnaleseninovehrady.cz\/?page_id=65\"><img loading=\"lazy\" decoding=\"async\" width=\"1000\" height=\"552\" src=\"https:\/\/www.pujcovnaleseninovehrady.cz\/wp-content\/uploads\/2024\/09\/kozyadesky2.jpg\" alt=\"\" class=\"wp-image-67\" srcset=\"https:\/\/www.pujcovnaleseninovehrady.cz\/wp-content\/uploads\/2024\/09\/kozyadesky2.jpg 1000w, https:\/\/www.pujcovnaleseninovehrady.cz\/wp-content\/uploads\/2024\/09\/kozyadesky2-300x166.jpg 300w, https:\/\/www.pujcovnaleseninovehrady.cz\/wp-content\/uploads\/2024\/09\/kozyadesky2-768x424.jpg 768w\" sizes=\"auto, (max-width: 1000px) 100vw, 1000px\" \/><\/a><figcaption class=\"wp-element-caption\">stavebn\u00ed kozy a desky<\/figcaption><\/figure><\/div>","protected":false},"excerpt":{"rendered":"<p>Inspirujte se a najd\u011bte \u0159e\u0161en\u00ed va\u0161ich aktu\u00e1ln\u00edch pot\u0159eb v galerii na\u0161ich realizac\u00ed:<\/p>\n","protected":false},"author":1,"featured_media":0,"parent":0,"menu_order":0,"comment_status":"closed","ping_status":"closed","template":"","meta":{"_monsterinsights_skip_tracking":false,"_monsterinsights_sitenote_active":false,"_monsterinsights_sitenote_note":"","_monsterinsights_sitenote_category":0,"ngg_post_thumbnail":0,"footnotes":""},"class_list":["post-40","page","type-page","status-publish","hentry","entry"],"yoast_head":"<!-- This site is optimized with the Yoast SEO plugin v24.8.1 - https:\/\/yoast.com\/wordpress\/plugins\/seo\/ -->\n<title>Na\u0161e pr\u00e1ce - P\u016fj\u010dovna le\u0161en\u00ed Nov\u00e9 Hrady<\/title>\n<meta name=\"robots\" content=\"index, follow, max-snippet:-1, max-image-preview:large, max-video-preview:-1\" \/>\n<link rel=\"canonical\" href=\"https:\/\/www.pujcovnaleseninovehrady.cz\/?page_id=40\" \/>\n<meta property=\"og:locale\" content=\"cs_CZ\" \/>\n<meta property=\"og:type\" content=\"article\" \/>\n<meta property=\"og:title\" content=\"Na\u0161e pr\u00e1ce - P\u016fj\u010dovna le\u0161en\u00ed Nov\u00e9 Hrady\" \/>\n<meta property=\"og:description\" content=\"Inspirujte se a najd\u011bte \u0159e\u0161en\u00ed va\u0161ich aktu\u00e1ln\u00edch pot\u0159eb v galerii na\u0161ich realizac\u00ed:\" \/>\n<meta property=\"og:url\" content=\"https:\/\/www.pujcovnaleseninovehrady.cz\/?page_id=40\" \/>\n<meta property=\"og:site_name\" content=\"P\u016fj\u010dovna le\u0161en\u00ed Nov\u00e9 Hrady\" \/>\n<meta property=\"article:modified_time\" content=\"2024-09-27T19:46:30+00:00\" \/>\n<meta property=\"og:image\" content=\"https:\/\/www.pujcovnaleseninovehrady.cz\/wp-content\/uploads\/2024\/09\/Pojizdna-vez-III-1.jpg\" \/>\n<meta name=\"twitter:card\" content=\"summary_large_image\" \/>\n<meta name=\"twitter:label1\" content=\"Odhadovan\u00e1 doba \u010dten\u00ed\" \/>\n\t<meta name=\"twitter:data1\" content=\"1 minuta\" \/>\n<script type=\"application\/ld+json\" class=\"yoast-schema-graph\">{\"@context\":\"https:\/\/schema.org\",\"@graph\":[{\"@type\":\"WebPage\",\"@id\":\"https:\/\/www.pujcovnaleseninovehrady.cz\/?page_id=40\",\"url\":\"https:\/\/www.pujcovnaleseninovehrady.cz\/?page_id=40\",\"name\":\"Na\u0161e pr\u00e1ce - P\u016fj\u010dovna le\u0161en\u00ed Nov\u00e9 Hrady\",\"isPartOf\":{\"@id\":\"https:\/\/www.pujcovnaleseninovehrady.cz\/#website\"},\"primaryImageOfPage\":{\"@id\":\"https:\/\/www.pujcovnaleseninovehrady.cz\/?page_id=40#primaryimage\"},\"image\":{\"@id\":\"https:\/\/www.pujcovnaleseninovehrady.cz\/?page_id=40#primaryimage\"},\"thumbnailUrl\":\"https:\/\/www.pujcovnaleseninovehrady.cz\/wp-content\/uploads\/2024\/09\/Pojizdna-vez-III-1.jpg\",\"datePublished\":\"2024-09-27T09:04:42+00:00\",\"dateModified\":\"2024-09-27T19:46:30+00:00\",\"breadcrumb\":{\"@id\":\"https:\/\/www.pujcovnaleseninovehrady.cz\/?page_id=40#breadcrumb\"},\"inLanguage\":\"cs\",\"potentialAction\":[{\"@type\":\"ReadAction\",\"target\":[\"https:\/\/www.pujcovnaleseninovehrady.cz\/?page_id=40\"]}]},{\"@type\":\"ImageObject\",\"inLanguage\":\"cs\",\"@id\":\"https:\/\/www.pujcovnaleseninovehrady.cz\/?page_id=40#primaryimage\",\"url\":\"https:\/\/www.pujcovnaleseninovehrady.cz\/wp-content\/uploads\/2024\/09\/Pojizdna-vez-III-1.jpg\",\"contentUrl\":\"https:\/\/www.pujcovnaleseninovehrady.cz\/wp-content\/uploads\/2024\/09\/Pojizdna-vez-III-1.jpg\",\"width\":356,\"height\":1000},{\"@type\":\"BreadcrumbList\",\"@id\":\"https:\/\/www.pujcovnaleseninovehrady.cz\/?page_id=40#breadcrumb\",\"itemListElement\":[{\"@type\":\"ListItem\",\"position\":1,\"name\":\"Home\",\"item\":\"https:\/\/www.pujcovnaleseninovehrady.cz\/\"},{\"@type\":\"ListItem\",\"position\":2,\"name\":\"Na\u0161e pr\u00e1ce\"}]},{\"@type\":\"WebSite\",\"@id\":\"https:\/\/www.pujcovnaleseninovehrady.cz\/#website\",\"url\":\"https:\/\/www.pujcovnaleseninovehrady.cz\/\",\"name\":\"P\u016fj\u010dovna le\u0161en\u00ed Nov\u00e9 Hrady\",\"description\":\"Pom\u00e1h\u00e1me v\u00e1m l\u00e9pe dos\u00e1hnout va\u0161ich c\u00edl\u016f\",\"potentialAction\":[{\"@type\":\"SearchAction\",\"target\":{\"@type\":\"EntryPoint\",\"urlTemplate\":\"https:\/\/www.pujcovnaleseninovehrady.cz\/?s={search_term_string}\"},\"query-input\":{\"@type\":\"PropertyValueSpecification\",\"valueRequired\":true,\"valueName\":\"search_term_string\"}}],\"inLanguage\":\"cs\"}]}<\/script>\n<!-- \/ Yoast SEO plugin. -->","yoast_head_json":{"title":"Na\u0161e pr\u00e1ce - P\u016fj\u010dovna le\u0161en\u00ed Nov\u00e9 Hrady","robots":{"index":"index","follow":"follow","max-snippet":"max-snippet:-1","max-image-preview":"max-image-preview:large","max-video-preview":"max-video-preview:-1"},"canonical":"https:\/\/www.pujcovnaleseninovehrady.cz\/?page_id=40","og_locale":"cs_CZ","og_type":"article","og_title":"Na\u0161e pr\u00e1ce - P\u016fj\u010dovna le\u0161en\u00ed Nov\u00e9 Hrady","og_description":"Inspirujte se a najd\u011bte \u0159e\u0161en\u00ed va\u0161ich aktu\u00e1ln\u00edch pot\u0159eb v galerii na\u0161ich realizac\u00ed:","og_url":"https:\/\/www.pujcovnaleseninovehrady.cz\/?page_id=40","og_site_name":"P\u016fj\u010dovna le\u0161en\u00ed Nov\u00e9 Hrady","article_modified_time":"2024-09-27T19:46:30+00:00","og_image":[{"url":"https:\/\/www.pujcovnaleseninovehrady.cz\/wp-content\/uploads\/2024\/09\/Pojizdna-vez-III-1.jpg","type":"","width":"","height":""}],"twitter_card":"summary_large_image","twitter_misc":{"Odhadovan\u00e1 doba \u010dten\u00ed":"1 minuta"},"schema":{"@context":"https:\/\/schema.org","@graph":[{"@type":"WebPage","@id":"https:\/\/www.pujcovnaleseninovehrady.cz\/?page_id=40","url":"https:\/\/www.pujcovnaleseninovehrady.cz\/?page_id=40","name":"Na\u0161e pr\u00e1ce - P\u016fj\u010dovna le\u0161en\u00ed Nov\u00e9 Hrady","isPartOf":{"@id":"https:\/\/www.pujcovnaleseninovehrady.cz\/#website"},"primaryImageOfPage":{"@id":"https:\/\/www.pujcovnaleseninovehrady.cz\/?page_id=40#primaryimage"},"image":{"@id":"https:\/\/www.pujcovnaleseninovehrady.cz\/?page_id=40#primaryimage"},"thumbnailUrl":"https:\/\/www.pujcovnaleseninovehrady.cz\/wp-content\/uploads\/2024\/09\/Pojizdna-vez-III-1.jpg","datePublished":"2024-09-27T09:04:42+00:00","dateModified":"2024-09-27T19:46:30+00:00","breadcrumb":{"@id":"https:\/\/www.pujcovnaleseninovehrady.cz\/?page_id=40#breadcrumb"},"inLanguage":"cs","potentialAction":[{"@type":"ReadAction","target":["https:\/\/www.pujcovnaleseninovehrady.cz\/?page_id=40"]}]},{"@type":"ImageObject","inLanguage":"cs","@id":"https:\/\/www.pujcovnaleseninovehrady.cz\/?page_id=40#primaryimage","url":"https:\/\/www.pujcovnaleseninovehrady.cz\/wp-content\/uploads\/2024\/09\/Pojizdna-vez-III-1.jpg","contentUrl":"https:\/\/www.pujcovnaleseninovehrady.cz\/wp-content\/uploads\/2024\/09\/Pojizdna-vez-III-1.jpg","width":356,"height":1000},{"@type":"BreadcrumbList","@id":"https:\/\/www.pujcovnaleseninovehrady.cz\/?page_id=40#breadcrumb","itemListElement":[{"@type":"ListItem","position":1,"name":"Home","item":"https:\/\/www.pujcovnaleseninovehrady.cz\/"},{"@type":"ListItem","position":2,"name":"Na\u0161e pr\u00e1ce"}]},{"@type":"WebSite","@id":"https:\/\/www.pujcovnaleseninovehrady.cz\/#website","url":"https:\/\/www.pujcovnaleseninovehrady.cz\/","name":"P\u016fj\u010dovna le\u0161en\u00ed Nov\u00e9 Hrady","description":"Pom\u00e1h\u00e1me v\u00e1m l\u00e9pe dos\u00e1hnout va\u0161ich c\u00edl\u016f","potentialAction":[{"@type":"SearchAction","target":{"@type":"EntryPoint","urlTemplate":"https:\/\/www.pujcovnaleseninovehrady.cz\/?s={search_term_string}"},"query-input":{"@type":"PropertyValueSpecification","valueRequired":true,"valueName":"search_term_string"}}],"inLanguage":"cs"}]}},"_links":{"self":[{"href":"https:\/\/www.pujcovnaleseninovehrady.cz\/index.php?rest_route=\/wp\/v2\/pages\/40","targetHints":{"allow":["GET"]}}],"collection":[{"href":"https:\/\/www.pujcovnaleseninovehrady.cz\/index.php?rest_route=\/wp\/v2\/pages"}],"about":[{"href":"https:\/\/www.pujcovnaleseninovehrady.cz\/index.php?rest_route=\/wp\/v2\/types\/page"}],"author":[{"embeddable":true,"href":"https:\/\/www.pujcovnaleseninovehrady.cz\/index.php?rest_route=\/wp\/v2\/users\/1"}],"replies":[{"embeddable":true,"href":"https:\/\/www.pujcovnaleseninovehrady.cz\/index.php?rest_route=%2Fwp%2Fv2%2Fcomments&post=40"}],"version-history":[{"count":6,"href":"https:\/\/www.pujcovnaleseninovehrady.cz\/index.php?rest_route=\/wp\/v2\/pages\/40\/revisions"}],"predecessor-version":[{"id":154,"href":"https:\/\/www.pujcovnaleseninovehrady.cz\/index.php?rest_route=\/wp\/v2\/pages\/40\/revisions\/154"}],"wp:attachment":[{"href":"https:\/\/www.pujcovnaleseninovehrady.cz\/index.php?rest_route=%2Fwp%2Fv2%2Fmedia&parent=40"}],"curies":[{"name":"wp","href":"https:\/\/api.w.org\/{rel}","templated":true}]}}